te the highest common divisor of 63 and n.
63
Suppose 4*g = g + 9. Suppose -5*p - g*q + 109 = -4*q, 0 = p - 2*q - 20. Calculate the greatest common divisor of p and 22.
22
Suppose 2*g - 4*g + 4 = 0. Suppose g*d - 28 = -2*d. What is the greatest common divisor of d and 7?
7
Let z(v) = -v**2 + 2 - 3*v + 4 + 21. Let s be z(0). What is the greatest common factor of s and 18?
9
Let k(f) = f**2 + 15*f. Let o be k(-15). Suppose -3*r + 0 + 12 = o. Calculate the highest common factor of r and 2.
2
Let g = 46 - 33. Let t = 34 + -8. Suppose 39 = o - t. Calculate the highest common factor of g and o.
13
Let p(f) be the first derivative of -25*f**2/2 + 11*f - 1. Let u be p(-5). Suppose 2*t - 51 = -t. Calculate the greatest common divisor of u and t.
17
Let u(s) = 6*s - 10. Let n be u(5). Let z be ((-72)/n + 4)*95. Calculate the highest common divisor of 114 and z.
38
Suppose -21*q = 44*q - 17290. What is the greatest common divisor of q and 238?
14
Let s = 7 + -2. Suppose -306 = -s*m + 3*m. Let i = -101 + m. What is the greatest common factor of i and 13?
13
Suppose -8*z + 8 = -104. Suppose 2*j - z = 14. Calculate the greatest common divisor of 35 and j.
7
Let s(x) = -x**3 - 10*x**2 - 13*x - 7. Let f be s(-9). Let l be (-2)/4 + (-1395)/(-6). Calculate the greatest common factor of f and l.
29
Suppose 1 + 591 = 16*p. What is the greatest common divisor of 37 and p?
37
Let q = 606 - 522. Suppose 0 = -4*x + 4 + 44. What is the highest common divisor of q and x?
12
Let a = 957 - 453. What is the greatest common divisor of 63 and a?
63
Let v(j) = -j**3 + 20*j**2 - 17*j - 35. Let q be v(19). Suppose -104 = -4*h + 4*o, -3*o - q + 157 = 5*h. What is the highest common divisor of h and 116?
29
Let d be (-80)/7 - 16/28. Let u be 76*(-1 + (-15)/d). Let c = 28 - u. What is the greatest common factor of 1 and c?
1
Suppose 0*v = 4*v - 5*m - 421, -2*v - 4*m + 178 = 0. Calculate the greatest common divisor of 33 and v.
33
Let u be 4/((-4)/(-1050)*7). Calculate the highest common divisor of 20 and u.
10
Let h be 697/136*60*(-8)/(-5). Calculate the greatest common factor of h and 48.
12
Suppose 7213 + 4351 = 118*v. Calculate the greatest common factor of v and 210.
14
Let u = -48 - -23. Let x = u - -65. What is the greatest common divisor of 8 and x?
8
Let q = -28 - -217. Let o(p) = 10*p**2 - 3*p - 1. Let b be o(-2). Suppose w - b + 18 = 0. What is the greatest common factor of q and w?
27
Let t be 1/3 + 3771/27. Let h = -500 + 514. Calculate the greatest common factor of h and t.
14
Suppose 0 = 5*l - 20*z + 17*z - 285, -2*l - 5*z + 145 = 0. Calculate the greatest common factor of 36 and l.
12
Let b = 15 - 16. Let o be b*(308/4)/(-1). What is the greatest common divisor of 7 and o?
7
Let y be (7 - 27)*3*(-1)/2. What is the highest common divisor of y and 130?
10
Let a = -117 + 150. What is the highest common divisor of 165 and a?
33
Let a = -366 + -138. Let h be a/16*42/(-9). What is the highest common divisor of 98 and h?
49
Let g(t) = t**2 - 22*t + 125. Let o be g(8). What is the greatest common factor of 403 and o?
13
Let x = 93 + -97. Let w be 4788/49 - x/14. Calculate the greatest common divisor of 147 and w.
49
Suppose -3*x = -2*x - 7. Suppose 2*v + 4*m = 0, 3*m = v + v - x. Suppose -v - 273 = -5*d. Calculate the greatest common divisor of 11 and d.
11
Let y(q) = -38*q - 5. Let j be y(-7). Let z be j/6*(-12)/(-9). What is the greatest common factor of 29 and z?
29
Let c = 194 - 38. What is the highest common divisor of 36 and c?
12
Let t(r) = r**2 + 21*r - 8. Let p be t(6). Calculate the greatest common divisor of p and 14.
14
Let o be (4 + -3)/(2/3198). Calculate the highest common factor of 39 and o.
39
Let w be (-4)/6*(-27)/(-18). Let c be ((-270)/(-21))/(w/(-7)). What is the highest common divisor of 36 and c?
18
Let x(w) = -6*w**3 + 46*w**2 - 25*w - 12. Let v be x(7). Calculate the greatest common factor of v and 27.
9
Suppose -d + 0*d + 180 = 0. Suppose -10 = -w - 2*u, 3*w - 4*u - 18 = 62. What is the highest common factor of d and w?
20
Suppose -4*g + 2*g + 4 = 0. Suppose -6*z + g*z - a = -55, -4*a = -12. What is the greatest common factor of z and 221?
13
Let a(h) = 156*h**2 - 11*h + 10. Let l be a(1). What is the highest common factor of l and 279?
31
Let o = 21 + 74. Suppose v - 5 = -4*n, 2*n - v = 5*n - 3. Suppose -3*z + 99 = 5*q, -z + 184 = 4*z + n*q. What is the highest common divisor of o and z?
19
Suppose x - 2*q = q + 64, 2*q = -5*x + 388. Calculate the highest common divisor of x and 532.
76
Let z = 168 + -108. Let g be (119/(-28) + 5)/((-1)/148). Let f = g - -126. Calculate the greatest common factor of z and f.
15
Let p be (-6)/(-3) + (-112)/(-4). Let h = p + -77. Let a be 2/(-3) + h/(-3). What is the highest common factor of a and 165?
15
Let i be (58 - 0)/(-2*(-8)/128). What is the highest common factor of i and 48?
16
Suppose -30*w = 22*w - 5200. Let a be (-7)/28 - 483/(-12). What is the highest common divisor of a and w?
20
Suppose -2 = -3*p + 4. Suppose -3 = -p*n + 1. Suppose 5*z - n*z + 2*q = 99, 5*q + 120 = 3*z. Calculate the greatest common factor of z and 14.
7
Suppose 79 = 4*t - 3*k, 14*t = 15*t + 3*k - 1. What is the greatest common divisor of 18 and t?
2
Suppose -y = 2*l - 230, -104 = -3*l - 5*y + 248. Suppose 0*x + l = 3*x + 4*i, 0 = x + 5*i - 49. What is the greatest common divisor of x and 85?
17
Let y(g) be the first derivative of g**4/4 + 7*g**3/3 + 3*g**2/2 - 12*g + 3. Let p be y(-6). Calculate the highest common divisor of p and 6.
6
Let i(h) = -48*h + 5. Let m be i(0). Calculate the greatest common factor of m and 215.
5
Let w be 2*2*(-8 + 6). Let u(n) = -3*n**3 + 5*n**2 - 3 - n + 4*n**3 + 3*n**2. Let p be u(w). Calculate the greatest common factor of 10 and p.
5
Suppose 0*d - 1320 = -5*d. What is the highest common divisor of 24 and d?
24
Suppose -1326 - 338 = -52*s. Calculate the greatest common factor of 416 and s.
32
Suppose -3*c = -u - 4 - 33, c + 5*u = -9. Calculate the highest common factor of c and 44.
11
Suppose 0 = -5*y + 61 + 259. Suppose y = 2*u + 4*z, z = 5*u - 3*z - 104. Calculate the highest common divisor of 72 and u.
24
Let z(d) = 2*d**3 + 9*d**2 + 2*d - 3. Let c be z(-4). Calculate the greatest common divisor of c and 40.
5
Let f = 407 - 383. Calculate the highest common divisor of f and 42.
6
Let k be 47/((5/(-9))/(-5)). What is the greatest common factor of 47 and k?
47
Let p(q) = 4*q**2 + q - 6. Let c be p(-6). Let n(x) = x**2 + 3*x - 11. Let h be n(4). Suppose -h*l + 13*l = -48. What is the highest common factor of l and c?
12
Suppose -40 = 5*f - 7*f. Suppose 2 = 4*z - 6. Suppose 4*x - 284 = -z*n, -5*n - 4*x + 0*x + 704 = 0. Calculate the greatest common divisor of n and f.
20
Let h = -48 + 70. Let b = h - -66. Calculate the highest common factor of b and 22.
22
Let v(g) = 3 + 8 + g + 0*g. Let a(l) = -l**3 + 28*l**2 - 28*l + 36. Let i be a(27). Let u be v(i). Calculate the greatest common factor of u and 8.
4
Let a be (7/4)/((-11)/(-352)). Calculate the highest common divisor of a and 14.
14
Let o be (-3 - (-33)/9)*15. Let n = 135 - 95. Calculate the highest common divisor of n and o.
10
Let i(j) = -5*j + 42. Let p be i(6). Calculate the greatest common factor of 12 and p.
12
Let c = -2163 + 2722. Calculate the highest common factor of 39 and c.
13
Let w(g) = 12*g**2 - 3*g + 11. Let h be w(3). Calculate the greatest common factor of h and 20.
10
Suppose 3*u + 7 - 31 = 0. Let g(h) = 2*h**3 - 3*h - 2. Let w be g(-1). Let t be w/(-6) + (-190)/(-12). Calculate the greatest common divisor of t and u.
8
Let t(w) = -w**3 + 43*w**2 + 52*w - 268. Let l be t(44). Let v be ((-18)/(-5))/(3/10). What is the highest common factor of l and v?
12
Let f be (-519)/(-27) - 4*(-8)/(-144). Calculate the greatest common divisor of 304 and f.
19
Let d(p) = 4 - p + 35*p + 133*p. Let h be d(1). Suppose 0 = -3*s - s - 4*l + 92, -91 = -5*s + l. What is the highest common factor of s and h?
19
Let a be -8*(5 - (-12)/(-3))*-1. What is the highest common divisor of 5 and a?
1
Let t(s) = 3*s**3 + 10*s**2 + 6*s + 3. Let a be t(5). Calculate the highest common factor of 376 and a.
94
Suppose 0 = -9*j + 9321 + 3594. What is the highest common divisor of j and 35?
35
Suppose -3*q + 945 = z, 2*q + 2*z = -3*q + 1575. Let y be (-3 + 16/6)/(